en thousands digit of 7278672?
7
What is the tens digit of 516198?
9
What is the hundreds digit of 237439?
4
What is the thousands digit of 2154369?
4
What is the tens digit of 1251281?
8
What is the hundred thousands digit of 295616?
2
What is the hundreds digit of 121299?
2
What is the ten thousands digit of 596837?
9
What is the millions digit of 4213008?
4
What is the hundreds digit of 28489675?
6
What is the units digit of 512022?
2
What is the ten thousands digit of 821209?
2
What is the thousands digit of 578996?
8
What is the millions digit of 13434440?
3
What is the hundred thousands digit of 962010?
9
What is the hundreds digit of 3743638?
6
What is the tens digit of 705562?
6
What is the thousands digit of 1155321?
5
What is the thousands digit of 3113478?
3
What is the ten thousands digit of 193425?
9
What is the tens digit of 3087787?
8
What is the hundred thousands digit of 12149874?
1
What is the ten thousands digit of 4493225?
9
What is the hundreds digit of 5727461?
4
What is the ten thousands digit of 28945?
2
What is the units digit of 836828?
8
What is the hundreds digit of 195619?
6
What is the hundreds digit of 1965495?
4
What is the hundred thousands digit of 3362139?
3
What is the hundred thousands digit of 479614?
4
What is the tens digit of 1828625?
2
What is the thousands digit of 9322823?
2
What is the thousands digit of 21774?
1
What is the thousands digit of 9976586?
6
What is the thousands digit of 33212?
3
What is the ten thousands digit of 97368?
9
What is the units digit of 848662?
2
What is the thousands digit of 1131763?
1
What is the ten thousands digit of 4107182?
0
What is the units digit of 4591099?
9
What is the tens digit of 171845?
4
What is the tens digit of 1788999?
9
What is the millions digit of 15316476?
5
What is the ten millions digit of 13980879?
1
What is the tens digit of 2886860?
6
What is the units digit of 2403175?
5
What is the hundreds digit of 1692337?
3
What is the units digit of 6347468?
8
What is the hundreds digit of 90882?
8
What is the thousands digit of 38415?
8
What is the thousands digit of 1224466?
4
What is the units digit of 817266?
6
What is the tens digit of 454486?
8
What is the thousands digit of 10622578?
2
What is the hundred thousands digit of 939277?
9
What is the ten thousands digit of 643928?
4
What is the hundreds digit of 3222319?
3
What is the units digit of 420305?
5
What is the millions digit of 4915565?
4
What is the ten thousands digit of 272919?
7
What is the thousands digit of 319865?
9
What is the millions digit of 8074206?
8
What is the thousands digit of 1249113?
9
What is the hundreds digit of 632565?
5
What is the ten thousands digit of 10092212?
9
What is the hundreds digit of 332317?
3
What is the tens digit of 2860901?
0
What is the hundred thousands digit of 1561803?
5
What is the units digit of 98313?
3
What is the ten thousands digit of 789732?
8
What is the ten thousands digit of 342891?
4
What is the millions digit of 1075707?
1
What is the units digit of 134307?
7
What is the millions digit of 3545545?
3
What is the hundred thousands digit of 8992984?
9
What is the thousands digit of 1542884?
2
What is the thousands digit of 5387836?
7
What is the ten thousands digit of 9299211?
9
What is the hundreds digit of 17941?
9
What is the hundreds digit of 246109?
1
What is the thousands digit of 59844?
9
What is the hundred thousands digit of 372318?
3
What is the ten thousands digit of 224480?
2
What is the hundred thousands digit of 597308?
5
What is the hundreds digit of 375974?
9
What is the hundreds digit of 1254290?
2
What is the units digit of 1313880?
0
What is the tens digit of 773463?
6
What is the units digit of 582022?
2
What is the hundred thousands digit of 397529?
3
What is the tens digit of 8203225?
2
What is the units digit of 200635?
5
What is the units digit of 326648?
8
What is the thousands digit of 17745086?
5
What is the millions digit of 2838628?
2
What is the ten thousands digit of 387907?
8
What is the hundreds digit of 79707?
7
What is the thousands digit of 1888161?
8
What is the hundreds digit of 1913481?
4
What is the thousands digit of 17125?
7
What is the units digit of 8058846?
6
What is the thousands digit of 4696005?
6
What is the millions digit of 1626342?
1
What is the ten thousands digit of 6054199?
5
What is the thousands digit of 18080977?
0
What is the units digit of 141807?
7
What is the units digit of 1099630?
0
What is the units digit of 20672?
2
What is the thousands digit of 754636?
4
What is the ten thousands digit of 2080917?
8
What is the hundred thousands digit of 129036?
1
What is the units digit of 13985128?
8
What is the thousands digit of 7353741?
3
What is the hundred thousands digit of 314363?
3
What is the thousands digit of 474512?
4
What is the hundreds digit of 14806711?
7
What is the thousands digit of 3415541?
5
What is the millions digit of 7523993?
7
What is the hundred thousands digit of 941575?
9
What is the hundred thousands digit of 651893?
6
What is the units digit of 2266315?
5
What is the units digit of 497374?
4
What is the units digit of 1373849?
9
What is the units digit of 265789?
9
What is the tens digit of 3905651?
5
What is the hundred thousands digit of 784466?
7
What is the tens digit of 1351053?
5
What is the tens digit of 172744?
4
What is the ten thousands digit of 368494?
6
What is the thousands digit of 208283?
8
What is the hundreds digit of 328582?
5
What is the ten thousands digit of 784781?
8
What is the hundreds digit of 320793?
7
What is the thousands digit of 303763?
3
What is the millions digit of 1201051?
1
What is the ten thousands digit of 272182?
7
What is the ten thousands digit of 3680529?
8
What is the hundreds digit of 4268746?
7
What is the ten thousands digit of 27318?
2
What is the thousands digit of 75810?
5
What is the hundreds digit of 368374?
3
What is the ten millions digit of 22900496?
2
What is the hundreds digit of 4163543?
5
What is the thousands digit of 1957465?
7
What is the hundred thousands digit of 1010545?
0
What is the hundred thousands digit of 445690?
4
What is the tens digit of 1759770?
7
What is the hundreds digit of 382604?
6
What is the units digit of 3474031?
1
What is the hundreds digit of 366201?
2
What is the hundred thousands digit of 451573?
4
What is the tens digit of 393070?
7
What is the thousands digit of 771877?
1
What is the millions digit of 7201347?
7
What is the ten thousands digit of 156310?
5
What is the hundreds digit of 395851?
8
What is the units digit of 2364117?
7
What is the tens digit of 11346215?
1
What is the thousands digit of 66878?
6
What is the hundreds digit of 5691579?
5
What is the hundred thousands digit of 8660771?
6
What is the ten thousands digit of 2494694?
9
What is the hundred thousands digit of 412168?
4
What is the thousands digit of 2824383?
4
What is the units digit of 3235464?
4
What is the millions digit of 5936258?
5
What is the units digit of 3274026?
6
What is the hundred thousands digit of 10385063?
3
What is the units digit of 820022?
2
What is the tens digit of 8519966?
6
What is the units digit of 1193191?
1
What is the thousands digit of 67472?
7
What is the hundreds digit of 308415?
4
What is the hundreds digit of 143692?
6
What is the tens digit of 106314?
1
What is the thousands digit of 7578751?
8
What is the tens digit of 11831114?
1
What is the millions digit of 26134997?
6
What is the ten thousands digit of 435375?
3
What is the tens digit of 13511991?
9
What is the units digit of 1217044?
4
What is the tens digit of 3289573?
7
What is the thousands digit of 3294602?
4
What is the tens digit of 10318587?
8
What is the hundreds digit of 481387?
3
What is the hundreds digit of 74529?
5
What is the hundreds digit of 355582?
5
What is the hundred thousands digit of 1393395?
3
What is the hundreds digit of 404041?
0
What is the ten thousands digit of 28201?
2
What is the units digit of 204124?
4
What is the hundred thousands digit of 4510065?
5
What is the hundreds digit of 523320?
3
What is the units digit of 574930?
0
What is the hundred thousands digit of 827227?
8
What is the tens digit of 29216?
1
What is the hundreds digit of 1516675?
6
What is the hundred t